7106761?
0
What is the hundred thousands digit of 1811102779?
1
What is the tens digit of 68590210?
1
What is the hundreds digit of 404707434?
4
What is the billions digit of 3545336432?
3
What is the hundred millions digit of 332608370?
3
What is the ten millions digit of 113815574?
1
What is the ten thousands digit of 38326936?
2
What is the tens digit of 2970792132?
3
What is the ten thousands digit of 1080157699?
5
What is the units digit of 39389566?
6
What is the hundreds digit of 43335508?
5
What is the millions digit of 7805795882?
5
What is the thousands digit of 5667218922?
8
What is the hundreds digit of 1088231146?
1
What is the tens digit of 135014289?
8
What is the tens digit of 245520924?
2
What is the tens digit of 3935174012?
1
What is the millions digit of 88954650?
8
What is the units digit of 75870795?
5
What is the hundred thousands digit of 20310951?
3
What is the ten thousands digit of 1841570610?
7
What is the millions digit of 290597991?
0
What is the ten millions digit of 41906126?
4
What is the thousands digit of 14502811?
2
What is the hundred millions digit of 158639934?
1
What is the ten thousands digit of 101453896?
5
What is the ten thousands digit of 772188364?
8
What is the ten thousands digit of 59671514?
7
What is the hundreds digit of 60665187?
1
What is the millions digit of 827316024?
7
What is the hundred thousands digit of 2893226599?
2
What is the thousands digit of 183404800?
4
What is the tens digit of 74443022?
2
What is the units digit of 354191541?
1
What is the millions digit of 453376110?
3
What is the thousands digit of 41038562?
8
What is the thousands digit of 501784311?
4
What is the ten millions digit of 168171005?
6
What is the millions digit of 1943985071?
3
What is the ten thousands digit of 41001763?
0
What is the ten millions digit of 65795533?
6
What is the hundred thousands digit of 153696605?
6
What is the millions digit of 305117251?
5
What is the ten thousands digit of 909297426?
9
What is the ten millions digit of 1817175870?
1
What is the thousands digit of 1009462279?
2
What is the hundred thousands digit of 367569485?
5
What is the units digit of 2909852949?
9
What is the hundreds digit of 233772122?
1
What is the units digit of 44535552?
2
What is the ten thousands digit of 38458421?
5
What is the hundred millions digit of 253022868?
2
What is the units digit of 1789005053?
3
What is the tens digit of 796601102?
0
What is the ten millions digit of 27184560?
2
What is the millions digit of 313414204?
3
What is the thousands digit of 2551590160?
0
What is the millions digit of 50433847?
0
What is the hundred thousands digit of 45449154?
4
What is the hundreds digit of 3324923578?
5
What is the units digit of 103013723?
3
What is the ten thousands digit of 24344523?
4
What is the hundreds digit of 298327788?
7
What is the hundred thousands digit of 257005367?
0
What is the hundred millions digit of 1366215560?
3
What is the billions digit of 4234904717?
4
What is the tens digit of 39904493?
9
What is the ten millions digit of 342666215?
4
What is the thousands digit of 166300184?
0
What is the hundreds digit of 58945194?
1
What is the thousands digit of 468188299?
8
What is the ten thousands digit of 24509509?
0
What is the hundreds digit of 173534647?
6
What is the hundreds digit of 260405349?
3
What is the units digit of 28161039?
9
What is the millions digit of 4733864065?
3
What is the thousands digit of 1231196367?
6
What is the millions digit of 1801405562?
1
What is the ten thousands digit of 466981167?
8
What is the millions digit of 244921931?
4
What is the units digit of 28422671?
1
What is the ten thousands digit of 19598425?
9
What is the millions digit of 2003082868?
3
What is the tens digit of 38580080?
8
What is the hundreds digit of 503406489?
4
What is the hundreds digit of 781948369?
3
What is the millions digit of 198090867?
8
What is the tens digit of 4558901222?
2
What is the ten millions digit of 19331791?
1
What is the tens digit of 8064222?
2
What is the hundred millions digit of 340576246?
3
What is the ten thousands digit of 57149222?
4
What is the hundred millions digit of 141983718?
1
What is the hundred thousands digit of 40730239?
7
What is the units digit of 108382153?
3
What is the hundreds digit of 62389733?
7
What is the thousands digit of 102775767?
5
What is the hundred thousands digit of 19621902?
6
What is the ten thousands digit of 623880397?
8
What is the units digit of 1219667548?
8
What is the units digit of 270585386?
6
What is the hundred millions digit of 514572929?
5
What is the millions digit of 1537168099?
7
What is the units digit of 23509263?
3
What is the units digit of 53200054?
4
What is the tens digit of 58146392?
9
What is the tens digit of 24169523?
2
What is the hundreds digit of 1546770910?
9
What is the hundred millions digit of 1019699791?
0
What is the hundred thousands digit of 91358620?
3
What is the ten thousands digit of 11410805?
1
What is the hundred thousands digit of 1461050060?
0
What is the hundred thousands digit of 5402900994?
9
What is the millions digit of 60617470?
0
What is the units digit of 253281674?
4
What is the ten thousands digit of 1680021914?
2
What is the hundreds digit of 11466833?
8
What is the hundred thousands digit of 72600914?
6
What is the ten thousands digit of 506166059?
6
What is the ten thousands digit of 192790890?
9
What is the thousands digit of 70528668?
8
What is the millions digit of 185993618?
5
What is the ten millions digit of 4054302833?
5
What is the hundred thousands digit of 27520225?
5
What is the hundred thousands digit of 198060195?
0
What is the ten thousands digit of 32616348?
1
What is the ten thousands digit of 265897100?
9
What is the tens digit of 63808623?
2
What is the thousands digit of 50614607?
4
What is the hundred thousands digit of 4322234589?
2
What is the thousands digit of 302253672?
3
What is the hundred thousands digit of 242384420?
3
What is the hundred millions digit of 1904609073?
9
What is the millions digit of 586580453?
6
What is the hundreds digit of 123210227?
2
What is the thousands digit of 1285401466?
1
What is the ten thousands digit of 32670806?
7
What is the millions digit of 349135240?
9
What is the tens digit of 1455042663?
6
What is the millions digit of 257895677?
7
What is the units digit of 580013057?
7
What is the thousands digit of 867676093?
6
What is the hundred thousands digit of 76421723?
4
What is the ten thousands digit of 1218833846?
3
What is the millions digit of 96308574?
6
What is the hundred millions digit of 120283699?
1
What is the hundred thousands digit of 95790846?
7
What is the millions digit of 43674305?
3
What is the hundreds digit of 31732160?
1
What is the units digit of 28645676?
6
What is the tens digit of 66408683?
8
What is the millions digit of 93544629?
3
What is the billions digit of 4110601512?
4
What is the hundreds digit of 169962879?
8
What is the ten millions digit of 977605816?
7
What is the units digit of 343735343?
3
What is the millions digit of 847181398?
7
What is the tens digit of 1628106843?
4
What is the thousands digit of 623300?
3
What is the thousands digit of 109421193?
1
What is the ten millions digit of 92696151?
9
What is the tens digit of 353223374?
7
What is the ten thousands digit of 48716987?
1
What is the units digit of 386687639?
9
What is the units digit of 1927014337?
7
What is the ten millions digit of 4344908934?
4
What is the tens digit of 73685242?
4
What is the hundred thousands digit of 140537802?
5
What is the ten thousands digit of 168919135?
1
What is the thousands digit of 23829564?
9
What is the thousands digit of 1894896519?
6
What is the ten thousands digit of 1137045948?
4
What is the ten millions digit of 12032880?
1
What is the hundreds digit of 196964566?
5
What is the units digit of 53825826?
6
What is the thousands digit of 41238429?
8
What is the units digit of 11836517?
7
What is the ten millions digit of 85505180?
8
What is the millions digit of 137736576?
7
What is the units digit of 122905432?
2
What is the units digit of 72153600?
0
What is the ten thousands digit of 89573121?
7
What is the hundred thousands digit of 15594251?
5
What is the